3 + 11*p**2 - 2. Let s(j) = -8*j + 99. Let v be s(11). What is a(v)?
-2
Let a(t) = -t**3 - t**2 + t. Suppose -15 = -4*h - 3*y, -5*h + 7 = -5*y + 32. Let s(i) = -4*i**2 - 2. Let d be s(h). Determine a(d).
2
Let v(p) = -51*p + 12. Let j(w) = -21*w + 5. Let k(g) = 12*j(g) - 5*v(g). Calculate k(5).
15
Let x(z) be the second derivative of z**6/360 - z**5/120 + z**4/24 + 5*z**3/3 + 9*z. Let m(l) be the second derivative of x(l). Calculate m(-2).
7
Let a(c) be the third derivative of -c**8/20160 + c**7/720 - c**6/144 + 13*c**5/60 + 8*c**2. Let d(g) be the third derivative of a(g). What is d(4)?
7
Let c(d) = d**3 + 12*d**2 - d - 11. Suppose 3*w - a + 26 = -7, -4*w + 3*a - 39 = 0. Calculate c(w).
1
Let w(k) = 2*k**2 - k + 4. Suppose -143*c + 210 = -38*c. What is w(c)?
10
Let z = 1630 - 1628. Let m(k) be the second derivative of 2*k**z + 2/3*k**3 + 0 - 8*k + 5/12*k**4 + 1/10*k**5. Calculate m(-3).
-17
Let k(v) = 2*v**2 - 3*v. Suppose g + 33 = -2*g. Let a = -5 - g. Let i = 9 - a. Calculate k(i).
9
Let o(h) be the second derivative of -h**5/24 + h**4/8 - 2*h**3/3 + h**2 + h + 21. Let b(m) be the second derivative of o(m). Give b(3).
-12
Let n(j) = j**2 - 3*j - 11. Suppose -5*x + 2*a + 32 = -16, 4*x = -5*a + 12. What is n(x)?
29
Let d(c) = c**2 + 6*c + 8. Suppose 10*b + 6 = 9*b. Give d(b).
8
Let y(l) = -l**3 + 15*l**2 - 13*l - 12. Let n be y(14). Let w(x) = 5*x - 6*x - n - 4*x + x**2 + 0. Calculate w(5).
-2
Let p(m) = m**3 + 23*m**2 + 21*m - 17. Let n be p(-22). Suppose -4*t + 4*z = -0*z + 12, 2*t = -n*z - 6. Let u(i) = -i**3 - 4*i**2 + 2*i + 2. What is u(t)?
-13
Let d(n) = 41*n + 20 + 12 + 6*n**2 - 7. Let u(g) = g**2 + 8*g + 5. Let y(i) = 2*d(i) - 11*u(i). Determine y(6).
-5
Let c(y) = -27 + 34 + y**3 - 9 + 3*y**2 - 2*y. Give c(-4).
-10
Let g(a) = a**2 + 3*a - 3. Let k be g(-5). Let n(z) = 14*z + 1 + 8 - 22*z + z**2 - 4. Calculate n(k).
-2
Let s(x) = -2*x - 1 + 4 + 0 + 6*x. Let r(q) = 6*q + 9. Let g be r(-2). Determine s(g).
-9
Let x(d) = -5*d**3 + 3*d**2 + 4*d - 6. Let b(m) = 11*m**3 - 9*m + 7 + 3 + 4 - 7*m**2 - 1. Let y(h) = 6*b(h) + 13*x(h). Let c = 2 - -1. What is y(c)?
-6
Suppose 0 = -4*m - 2*y - 2, 8*y - 3*y + 31 = 3*m. Let t(j) = m*j**2 + j**2 + 275 + 3*j + j**3 - 276. Let q be -1*(1 + -2)*-3. What is t(q)?
-10
Let m(o) be the first derivative of -2*o**2 + 6*o + 117. Give m(-5).
26
Let f(r) = 3*r - 21. Suppose 0 = 59*k - 375 - 156. Give f(k).
6
Let x(s) = -s**3 - 3*s**2 - 6. Suppose -3*v + m - 13 = 0, -5*m = -7 - 13. Give x(v).
-6
Suppose 4*n + 3*c - 23 = 0, -2*n + c - 2*c + 11 = 0. Suppose 46 - 60 = -7*l. Let d(z) = -z**l - 3*z + n*z**2 - 5*z**3 + 4*z**3 + 1. Determine d(3).
1
Let h(t) = -2*t**2 - 5*t - 6. Let d(y) = -2*y + 20. Let w be d(12). Give h(w).
-18
Let o(s) = -25. Let w(v) = -v. Let b(g) = -o(g) - w(g). Determine b(-13).
12
Let v(u) = u**3 - 5*u**2 + 3*u - 1. Suppose 56 = 4*t + s + 2*s, -3*t + 3*s = -21. Suppose -3*r = -5*w - 20, -w - 24 = w + 2*r. Let c = w + t. What is v(c)?
-5
Suppose 5*i + 27 + 3 = 0. Let w be (i/(-4))/(4/16). Suppose 36 = -5*a + w. Let n(f) = f + 14. Give n(a).
8
Let h(a) be the first derivative of a**3/3 - a**2 - 3*a - 6. Let o(n) = 4*n + n**2 - 3 + 4 - 9. Let w be o(-6). Calculate h(w).
5
Let a(f) = 79 - f**2 + 3*f - 81 + 4*f. Determine a(6).
4
Let n(s) = 2*s. Let t(y) = y**3 + y**2 - 5*y - 4. Let g = 2 + -5. Let k be t(g). Let z = k + 4. What is n(z)?
-6
Let j(o) = o**2 + 2*o - 3. Let q be (-4)/(-26) - (-100)/26. Let s be (q/2)/((-6)/(-12)). Let t be ((-6)/s)/((-7)/(-14)). Give j(t).
0
Suppose 0 = -5*z - 2*o + 15, 0 = z - 5*o + 1 - 4. Let b(k) = z + 1 - 1 - 2. Let p(c) = -c**2 + 3*c + 5. Let s(j) = -b(j) + p(j). Give s(3).
4
Let n(d) = 2*d - 9. Let f be ((-3)/(-6))/((-4)/(-48)). What is n(f)?
3
Let r(a) be the first derivative of a**3/3 - 9*a**2/2 + 4*a - 613. Determine r(10).
14
Let n(z) = z + 4 - 1 - 5. Suppose -1248*g + 128 = -1280*g. What is n(g)?
-6
Let f(y) = -2*y**2 + y + 2. Let a be f(-1). Let m(q) = -q**3 + q**2 - 1. Let g(c) = -16*c**3 + c**2 - c - 3. Let r(i) = -g(i) + 2*m(i). What is r(a)?
-13
Let i(l) = -9*l + 4. Let r(a) = -16 - 19 + a + 34. Let f(k) = i(k) + 2*r(k). Calculate f(-3).
23
Let i(u) be the first derivative of -u**3/2 - u**2/2 - 2*u + 3. Let m(q) be the first derivative of i(q). Give m(1).
-4
Let b(i) = -9361 - 10*i**2 + 9*i**2 + 9356. Let g(l) = -l**3 + 2*l**2. Suppose 3*n - 4 = n. Let a be g(n). What is b(a)?
-5
Let g(u) be the second derivative of 11*u**3/6 - u**2/2 - u. Suppose -9 = -5*a + b, 3*a - 13*b - 15 = -10*b. Calculate g(a).
10
Let r(d) = 15 - 3*d - 16 - 6*d + 2*d. Suppose 0 = -0*m - 3*m - 18. Let u be ((-7)/(-21))/((-2)/m). What is r(u)?
-8
Let n(x) = x + 7. Let o be n(-9). Let a(u) = -2*u**3 - u**2 + 3*u + 2. Let i be a(o). Let f(d) = -1 - 47*d**3 + 46*d**3 + 7*d**2 - i*d + 2*d. What is f(6)?
-1
Let d(i) = -4 + 0*i + i + 0 + 1. Suppose -h - 2*a + 10 = 0, -h + 2*h - 4*a - 34 = 0. Let q be (16/6)/(12/h). Give d(q).
1
Let l be 7 + 1/((-1)/2). Suppose 0 = 4*y + 3*o - 31, -7*y + 30 = -2*y + 2*o. Let j(p) = -4*p + 5*p - y + 3*p - 2*p. Calculate j(l).
6
Suppose -14 = 5*h - 4. Let u(k) be the second derivative of k**5/10 + k**4/3 + 2*k**3/3 + 3*k**2/2 + 17*k. Determine u(h).
-5
Let g be 1/(4/6)*152/(-12). Let q = -25 - g. Let s(k) be the second derivative of k**3/3 + 7*k**2/2 + k. Calculate s(q).
-5
Let x(z) = -6*z + 6. Suppose 0*r - 11 = -t + 3*r, -2*t = 2*r + 2. Calculate x(t).
-6
Let y be -1 - (-1)/(3/(-18)). Let q(n) = 2*n + 1. Let i(o) = 3*o + 2. Let g(a) = y*q(a) + 3*i(a). Calculate g(-1).
4
Suppose g = -3*c + 15, 0*g = -4*g. Suppose -5*j - c = 4*k, 3*k + 24 = 2*j + j. Let p(v) = -v**2 - 4*v + 3. What is p(k)?
-2
Let t(g) be the first derivative of -g**4/4 - 3*g**3 - 5*g**2 - 7*g - 286. What is t(-8)?
9
Suppose 0 = 5*h - z + 2*z - 360, 3*z = 0. Let p = h + -75. Let v(y) = y**3 + 4*y**2 + 3*y + 3. What is v(p)?
3
Let r(o) = o. Let z(s) = -s**3 - 6*s**2 + 8*s - 16. Let k be z(-7). Let i = 92 - 66. Let v = k + i. What is r(v)?
3
Suppose 2*n - 6*n + 5*a = -8, 0 = -3*n - 5*a + 6. Let o(x) = x - 2 - x + 3*x + 3*x + x**n. Calculate o(-3).
-11
Let p be -2*-3*1/6. Let q = p + 4. Suppose 11 + 4 = q*i. Let d(r) = r**3 - r**2 - 3*r - 4. Determine d(i).
5
Let v(r) = r**2 + 4*r - 2. Let t be v(-5). Let l be 39/8 - 1*(-11)/88. Let a(g) = -l*g - g + t*g + 2*g. Determine a(4).
-4
Let j(d) = d**3 + d - 56. Suppose 7*u + 5*t = 10*u, 3*u - t = 0. Determine j(u).
-56
Let m(b) = -1 - 566*b + 564*b - 4. What is m(-11)?
17
Let p be (-1)/(1/(-11)) + 1. Let o = -13 + p. Let t(r) be the second derivative of 9*r**5/20 + r**4/12 + 30*r. Determine t(o).
-8
Suppose 4*n + 12 = 10*n. Let r(o) = -3*o**2 - o + 1. Calculate r(n).
-13
Let z = 504 + -513. Let r(v) = -v**2 - 7*v + 10. What is r(z)?
-8
Suppose -390*z = -401*z + 33. Let y(a) = 3*a**2 - a - 3. Determine y(z).
21
Let v be 1*-5*(-12)/(-10). Let r = 56 + -55. Let g(y) = -10*y - 9*y - r + 16*y. Give g(v).
17
Let b(m) be the third derivative of -m**7/210 - m**6/180 + m**5/120 - 11*m**3/3 - 21*m**2. Let y(l) be the first derivative of b(l). Give y(-2).
22
Let k(p) = -2*p - 9. Let o(r) = r - 15. Let u be o(11). Let w be u/14 - 720/126. What is k(w)?
3
Let j(w) = 229*w - 3 - 72*w - 76*w - 79*w. Give j(5).
7
Let h be -2 - (-1 - -6 - -4). Let w be (-90)/h - (-8)/(-44). Suppose -5*s = -7*s - w. Let z(k) = -k**2 - 4*k + 4. Give z(s).
4
Let j(b) = 0*b - 10*b + b**2 - 6*b - 3 + 24*b - 6*b. Let p(f) = -f**2 + 2. Suppose 2*o - 4*o = 0. Let a be p(o). Calculate j(a).
5
Let n(w) = 5*w**2 + 4*w + 7. Let z(b) = b**2 + b. Let c(g) = -n(g) + 3*z(g). Calculate c(0).
-7
Let y(a) = 976*a + 0 + 4 - 974*a - 3. What is y(2)?
5
Suppose -669 = y - 671. Let w(h) = -7*h + 1. Calculate w(y).
-13
Let a(s) be the third derivative of -s**5/60 + 7*s**4/24 + 2*s**3/3 - 21*s**2 - 2. Give a(8).
-4
Let a(j) = 7*j. Let x be (16 - 18)*(-10)/(-4). What is a(x)?
-35
Let v = 41/132 + 45/44. Let q(p) be the first derivative of -6 - p + 1/4*p**4 + 1/2*p**2 - v*p**3. What is q(3)?
-7
Let c(n) be the first derivative of 2*n**2 - 14. What is c(-1)?
-4
Let j(b) be the second derivative of -b**4/2 - b**3/3 + b**2/2 + 98*b. Suppose -5*z + 8 = o, 0*z = -5*z + o + 2. Determine j(z).
-7
Let y be -2 + 9/5 + (-36)/(-30). Let r(b) = -5*b**3 - 2*b**2 - b + 2. Give r(y).
-6
Let j = 32 - 30. Let w(n) = n**j